{"id":51,"date":"2023-07-25T21:55:46","date_gmt":"2023-07-26T00:55:46","guid":{"rendered":"http:\/\/consultoriodefilosofia.com.br\/principal\/home\/"},"modified":"2025-09-14T19:56:00","modified_gmt":"2025-09-14T22:56:00","slug":"home","status":"publish","type":"page","link":"https:\/\/consultoriodefilosofia.com.br\/principal\/","title":{"rendered":"Home"},"content":{"rendered":"\n\n\nA <strong>sa\u00fade mental<\/strong> \u00e9 reconhecida por institui\u00e7\u00f5es, como a Organiza\u00e7\u00e3o Mundial da Sa\u00fade (OMS), como parte essencial do bem-estar humano, sendo t\u00e3o importante quanto a sa\u00fade f\u00edsica. Segundo o Diretor-Geral da OMS, Dr. Tedros Adhanom Ghebreyesus, ainda h\u00e1 \u201cuma enorme lacuna no acesso a servi\u00e7os de sa\u00fade mental de qualidade\u201d, o que compromete n\u00e3o apenas a vida individual, mas tamb\u00e9m o desenvolvimento social e econ\u00f4mico. Evid\u00eancias cient\u00edficas mostram que problemas n\u00e3o tratados aumentam riscos de doen\u00e7as f\u00edsicas, reduzem a produtividade e ampliam desigualdades sociais (PAHO, 2025; CDC, 2024). Promover a sa\u00fade mental, portanto, n\u00e3o \u00e9 apenas cuidar de transtornos j\u00e1 instalados, mas criar pol\u00edticas e ambientes que favore\u00e7am resili\u00eancia, inclus\u00e3o e qualidade de vida em todas as etapas da exist\u00eancia.\n\n\n\n\n\n<p>N\u00e3o s\u00e3o trabalhados conceitos de \u201cnormalidade\u201d,<br>\u201cpatologia\u201d, \u201cdoen\u00e7a\u201d, \u201ccura\u201d, \u201charmonia\u201d ou \u201cequil\u00edbrio\u201d.<\/p>\n\n\n\n\n<p>Fundamental elemento, \u00e9 o documento da hist\u00f3ria do partilhante<br>produzido pelo fil\u00f3sofo cl\u00ednico nas escutas.<\/p>\n\n\n\n\n<p>Instrumentos que tornam poss\u00edvel localizar existencialmente o<br>partilhante, evidenciando as particularidades.<br><\/p>\n\n\n\n\n\n\n<h2>Imagem da Semana<\/h2>\n\n\n\n\n\n\n\n\n\n\n\n<h2>\u00daltimas Publica\u00e7\u00f5es<\/h2>\n\n\n\n\n\n\n{&#8220;title&#8221;:&#8221; &#8220;,&#8221;number&#8221;:&#8221;5&#8243;}\n\n\n\n","protected":false},"excerpt":{"rendered":"","protected":false},"author":1,"featured_media":0,"parent":0,"menu_order":0,"comment_status":"closed","ping_status":"closed","template":"","meta":{"pagelayer_contact_templates":[],"_pagelayer_content":"","footnotes":""},"class_list":["post-51","page","type-page","status-publish","hentry"],"_links":{"self":[{"href":"https:\/\/consultoriodefilosofia.com.br\/principal\/wp-json\/wp\/v2\/pages\/51","targetHints":{"allow":["GET"]}}],"collection":[{"href":"https:\/\/consultoriodefilosofia.com.br\/principal\/wp-json\/wp\/v2\/pages"}],"about":[{"href":"https:\/\/consultoriodefilosofia.com.br\/principal\/wp-json\/wp\/v2\/types\/page"}],"author":[{"embeddable":true,"href":"https:\/\/consultoriodefilosofia.com.br\/principal\/wp-json\/wp\/v2\/users\/1"}],"replies":[{"embeddable":true,"href":"https:\/\/consultoriodefilosofia.com.br\/principal\/wp-json\/wp\/v2\/comments?post=51"}],"version-history":[{"count":19,"href":"https:\/\/consultoriodefilosofia.com.br\/principal\/wp-json\/wp\/v2\/pages\/51\/revisions"}],"predecessor-version":[{"id":395,"href":"https:\/\/consultoriodefilosofia.com.br\/principal\/wp-json\/wp\/v2\/pages\/51\/revisions\/395"}],"wp:attachment":[{"href":"https:\/\/consultoriodefilosofia.com.br\/principal\/wp-json\/wp\/v2\/media?parent=51"}],"curies":[{"name":"wp","href":"https:\/\/api.w.org\/{rel}","templated":true}]}}